 Let i be z(7). What is the units digit of (i/(-10))/(6/b)?
8
Let h = -7 + 10. Let v(u) = 18 - 6*u + h*u + 4*u. What is the units digit of v(0)?
8
Suppose -4*j + 473 = -671. What is the hundreds digit of j?
2
Let a be 2 + (2 - 2 - -1). Suppose -y = -a*y - n + 7, -y = 4*n - 21. What is the units digit of y?
1
Let v = 41 + -25. Suppose -4*f + 4 = -v. Suppose g = f*g - 36. What is the units digit of g?
9
Let m be 8 + (-3 + 2)*3. Suppose -2*j + 3*t = -6, 2 = 3*t + 8. Suppose -3*l + 6 = j, 0*l + l = m*p - 8. What is the units digit of p?
2
Let o(m) = 5*m**2 - 3*m. What is the units digit of o(3)?
6
Suppose -4*k + 295 = -1. What is the tens digit of k?
7
Let k(g) = -g**2 + 6*g - 3. Suppose 0 = -d - 0*d + 4. Let t be k(d). Let i(y) = 2*y - 6. What is the units digit of i(t)?
4
Suppose -4 = -3*u + 2*u. Suppose u*h + 1 = -y, -y - 7 = h - 3*h. Let m = 2 - h. What is the units digit of m?
1
Let t(u) = u**3 + 5*u**2 - u - 4. Let j(x) = -x**3 + 5*x**2 - 5. Let p be j(5). Let q be t(p). Suppose 5*g - q = 9. What is the units digit of g?
2
Let t = 12 + -4. Let s = t + -6. Suppose 3*h - 13 = -2*i, -3*h = s*h - 5. What is the units digit of i?
5
Suppose -5*w - 35 = 2*t, t = w - 4 + 18. Let g = w + 17. What is the units digit of g?
8
Suppose 5*r + 0*r = -3*w - 62, 0 = 3*r - 2*w + 22. Let p be r*(12/(-5) + 2). Suppose -5*o + p*o + 9 = 0. What is the units digit of o?
9
Suppose -v - 3*v = -16. Suppose 2*s - v = 12. What is the units digit of s*(9/(-6) - -2)?
4
What is the units digit of (15/1)/((-12)/(-40))?
0
Let f(x) = x**2 + x - 3. Let c be f(0). Let b be -4 - ((-18)/c - 3). Let r = b - -9. What is the units digit of r?
2
Let k = -8 + 12. Suppose k*u + u = l - 11, 2*l = u + 13. Suppose -l*b + b = -20. What is the units digit of b?
4
Suppose 275 = 5*k + 4*z, 2*z + 220 = 4*k - 0*z. What is the units digit of k?
5
Let o = -2 + 4. Suppose 0 = y - 2 - o. What is the units digit of y?
4
Let z(d) = 2 + 11*d + 0 - 4*d. What is the tens digit of z(5)?
3
Let k = -91 + 189. What is the tens digit of k?
9
Let z(f) = 3*f**2 + f + 6. What is the tens digit of z(3)?
3
Let n(b) = b**2 + 11. What is the units digit of n(8)?
5
What is the units digit of 7 + 1 + -3 + 0?
5
What is the tens digit of 28 + -17 + 0 + 0?
1
What is the units digit of -3 - 1062/(-12) - (-1)/2?
6
Suppose -9*p = -2445 + 888. What is the tens digit of p?
7
Suppose 0 = q - 2*g + 4*g - 29, 0 = 2*q + 2*g - 50. What is the tens digit of q?
2
Suppose -3*q - 15 = -m, 5*m = -0*m - 5*q - 5. What is the units digit of m?
3
Let h(m) = -m + 1. Let i be h(-6). Let n = i + 3. What is the units digit of n?
0
Let s be (11 - 2/1) + -2. Let o(m) = m**3 - 12*m**2 + 2*m - 12. Let n be o(12). Suppose 3*a - 2*l = -5*l + n, s = -5*a + 4*l. What is the units digit of a?
1
Let j be ((-8)/12)/((-1)/303). What is the units digit of (-4)/18 - j/(-18)?
1
Let p(i) = 4*i**2 + i**3 + 11*i - 17 + 0*i**3 + 5*i - 18*i**2. Let g be p(13). Let w = g + -1. What is the units digit of w?
1
Suppose -4*n - 6 = -l + 3, -2*l + 7 = 3*n. Let s be ((-8)/(-10))/(1/l). Suppose -5*h - 35 = -s*d, -2*h + 3 = -d + 14. What is the units digit of d?
5
Let v be (6 - 3/1) + 56. Let j = v + -7. What is the units digit of j?
2
What is the tens digit of (-3)/(3/(-121)) + -1 + 5?
2
Let d(t) = 77 - 12*t + 3*t - 79. What is the tens digit of d(-2)?
1
Let t be 26/10 + (-2)/(-5). Suppose f - 6 = -t. What is the units digit of (0 - 6)/(1 - f)?
3
Suppose 5*n - 9*n + 88 = 0. What is the units digit of n?
2
Let x = -7 - -11. Let k(a) = 2*a - 3. Let h be k(x). Suppose -5*w = -f - 2*f - 31, -h*w + 23 = f. What is the units digit of w?
5
Suppose -3*j + 12 = 9. Let k(q) = -q + 4. Let d be k(6). What is the units digit of (j/3)/(d/(-30))?
5
Let m(w) = 4*w + 23. Let l(p) = 3*p + 15. Let c(y) = -7*l(y) + 5*m(y). What is the tens digit of c(-7)?
1
Let m = 36 + -150. What is the units digit of (-4)/(-10) - m/15?
8
Suppose 0 = 3*s - 9. Let a = 1 + 13. Suppose 2 = -s*d + a. What is the units digit of d?
4
Let t(n) be the second derivative of -n**3/6 + 25*n**2/2 + 5*n. What is the tens digit of t(11)?
1
Let p = -23 - -43. Let m be (55/p)/(1/(-4)). Let k = m - -20. What is the units digit of k?
9
Let w(x) = -3*x**2 - 2*x**2 + 2*x**2 - 6*x + x**3 - 2 - 2. What is the tens digit of w(5)?
1
Let u(x) = 5*x**2 - 14*x - 8. Let t(k) = -4*k**2 + 13*k + 8. Let a(i) = -6*t(i) - 5*u(i). What is the units digit of a(-6)?
4
Let v = 295 - -68. What is the tens digit of v?
6
Suppose 7*s - 4*s = -39. Let l = s - -19. What is the units digit of l?
6
Let i be (48/28)/((-6)/105). Let b(q) = -4*q**2 + q + 2. Let m be b(-2). Let g = m - i. What is the tens digit of g?
1
Let f be -3 + 3/((-3)/(-85)). Let u be f/4 - 3/(-6). Let o = -10 + u. What is the units digit of o?
1
Let h(g) = g**2 - 3*g. Let l be h(4). Let y = 5 - l. What is the units digit of y?
1
Suppose 0 = -5*n + 3*n - 6, u - n = 21. What is the units digit of u?
8
Let s(d) = -2*d + 3. What is the tens digit of s(-5)?
1
Suppose -3*m + 4*j + 78 = -m, -5 = -j. What is the units digit of m?
9
Let r = 13 + -22. Let k(c) = -c + 3. Let a be k(0). What is the units digit of r/(-6)*2/a?
1
Let k = 6 + -4. Let z(y) = -y + 1 + 2*y**2 - 5*y**k + 2*y**2 + 10*y. What is the units digit of z(7)?
5
Suppose -3 = -l + 3. Let g(p) = -14*p**3 + 4*p**2 + 32*p - 3. Let j(h) = 5*h**3 - h**2 - 11*h + 1. Let t(o) = 4*g(o) + 11*j(o). What is the units digit of t(l)?
5
Suppose -82 = -4*b + 38. Let x = -19 + b. What is the tens digit of x?
1
Let z(u) = -u + 60. What is the units digit of z(15)?
5
Let i(q) = -q**3 + 5*q**2 + 7. What is the units digit of i(5)?
7
Suppose 3*y - 6*y = -96. What is the tens digit of y?
3
Let y(x) = -x + 8. Let v be y(6). Let s = -2 + 0. What is the units digit of -3*s/4*v?
3
Let w = 4 - 1. Let d = -3 + w. What is the units digit of (d - (0 - 1)) + 5?
6
Let r(l) = -l**3 - 8*l**2 - 7*l + 10. Let h be r(-7). Let b = -9 + h. What is the units digit of 4/b + (-4)/(-2)?
6
Let x be 1 - (0/1 + -1). Let b = -37 - -41. Suppose x*d - 2*r = 4*d - b, 0 = 5*d - 3*r - 42. What is the units digit of d?
6
Let b(y) = -4*y**3 + 3*y**2 - 4. What is the units digit of b(-2)?
0
What is the tens digit of (-5)/(-25)*5*133?
3
Suppose -k + 5 = 1. What is the units digit of k/12 - 2/(-3)?
1
What is the hundreds digit of (6 - (-8)/(-4)) + 281?
2
Suppose 5*r + 7 = 2, 2*q + r - 37 = 0. Let p = q + -6. What is the units digit of p?
3
Suppose 98 = 4*d - 38. What is the tens digit of d?
3
Suppose 3*d + 25 = d - 3*f, -d + 4*f - 7 = 0. Let c = d - -18. What is the units digit of c?
7
Let h(n) = -2*n**3 - 4*n**2 + 10*n - 4. What is the units digit of h(-5)?
6
Let j(d) be the second derivative of d**5/60 - 7*d**4/24 + d**3/2 + 4*d. Let u(s) be the second derivative of j(s). What is the tens digit of u(12)?
1
What is the hundreds digit of 74*((-3)/(-2) + 1)?
1
Let f = -25 - -53. What is the units digit of f?
8
Suppose 0 = -f + 133 + 179. What is the tens digit of f?
1
Suppose 209 = 4*z - z - 2*k, 2*z - 151 = -k. What is the tens digit of z?
7
Suppose i + 2*r - 59 = 0, 5*i - 4*r - 188 = 149. What is the units digit of i?
5
Let k = -1 - -19. What is the tens digit of k?
1
Let p(s) = s. Let g be p(3). Suppose z - g*z = -24. What is the tens digit of z?
1
Let w = -35 + 50. Let v = 40 - w. What is the tens digit of v?
2
Let f(w) be the first derivative of -w**4/4 - 7*w**3/3 - 7*w**2/2 - 4*w + 1. What is the units digit of f(-6)?
2
Let t(s) = 17*s + 5. Let l(k) = -35*k - 11. Let f(w) = -3*l(w) - 7*t(w). Let m be f(3). What is the tens digit of (m/(-16))/(1/4)?
1
What is the tens digit of 57/5 + (-18)/(-30)?
1
Suppose 0 = 5*w - 5*v - 5, 2*v = -2*w + v - 13. Let d be ((-2)/w)/(3/6). Suppose d = -0*z + z. What is the units digit of z?
1
Let z be (4/8)/((-2)/(-16)). Let x(l) = 8*l - 4. What is the tens digit of x(z)?
2
Suppose -5*f - 20 = -5. What is the units digit of f*8/36*-57?
8
Let j be ((-4)/10)/((-4)/60). Let k(z) = -z**3 + 5*z**2 + 7*z - 2. Let c be k(j). What is the units digit of (-6)/c - (-13)/2?
5
Let z(p) = -23*p**3 - 3*p**2 + 3. What is the tens digit of z(-2)?
7
Suppose 3*y = 3*f - 93, f - 6*y + y - 23 = 0. What is the tens digit of f?
3
Let w(d) = -4*d - 7. What is the units digit of w(-6)?
7
Suppose -s - 11 + 74 = 0. What is the units digit of s?
3
Let p = 2 + 2. Suppose 